se 4*v = 16, 0 = -p + 2*v + n + 3. What is the tens digit of p?
1
Let t be (-4)/4 + 108/2. Suppose 3 + 17 = -p. What is the tens digit of p/(-50) + t/5?
1
Suppose -6*h + 3*h - 12 = 0. Let p = h - -71. Suppose 19 = -g + p. What is the tens digit of g?
4
Let p(d) = -133*d + 36. What is the hundreds digit of p(-4)?
5
Let m be 0 + 0 + 1628/11. Suppose -c = -4*i + c + m, 5*c = 0. Suppose 0 = -5*d, -5*p = -3*d + 7 - i. What is the units digit of p?
6
Suppose 12*z - 1584 = 8*z + 2*l, -4*l = 4*z - 1584. What is the tens digit of z?
9
What is the hundreds digit of 1137/(-2)*6/(-9)?
3
Let y be (-12)/4 + (-2 - -5). Suppose -5*i = 3*w - 30, y = -2*i + i - 4*w + 23. Suppose 8*t - 4*t + 97 = i*k, -t = -5*k + 139. What is the tens digit of k?
2
What is the units digit of (-168)/(-5) + 54/135?
4
Let q(g) = 9*g - 2 - 43 - 59*g + 16*g. What is the units digit of q(-6)?
9
What is the units digit of -695*(5 - 4)*-1?
5
What is the tens digit of 0 + 6 + (-17)/((-68)/368)?
9
Let j = -64 + 121. What is the tens digit of j*8/12*3?
1
Suppose 12 = -4*b, -152 = -5*y - 0*b + 4*b. Let l be 8/(3 + y/(-8)). Let p = -6 - l. What is the units digit of p?
0
Let g = -4011 + 7138. What is the tens digit of g?
2
Let z(m) = 2*m - 35. Let w be z(20). Suppose 2*i + w*i - 420 = 0. What is the units digit of i?
0
Suppose -5*p + 15 = 3*b, p - 3*b - 2*b - 31 = 0. Suppose 0 = -p*j + 33 + 21. What is the units digit of j?
9
Let o(m) = 32*m - 19. Let r be o(7). Let d = r - 66. What is the hundreds digit of d?
1
Suppose 0*q - 2*q - 34 = 0. Let p = q - -22. Suppose 0 = -p*c + 4 + 56. What is the units digit of c?
2
What is the units digit of (889 - 5)*4/8?
2
Suppose -v + 560 - 1550 = -4*w, 0 = 3*w + v - 739. What is the units digit of w?
7
Let l(x) = -x**3 - 16*x**2 + x + 4. Let n be l(-16). Let w(z) = -z**2 - 16*z - 18. What is the units digit of w(n)?
0
Suppose 2*u = -5*t + 1656, 130 - 3464 = -4*u + t. What is the hundreds digit of u?
8
Let c be 2/6*-1*-6. Suppose c*v + 0*v - 38 = 0. What is the units digit of v?
9
Let f(y) = 4 + y**2 + 2*y**2 + 0*y - 11*y. What is the tens digit of f(7)?
7
Suppose a - 76 = -5*i + 205, -a + 293 = -i. Let d = 547 - a. What is the hundreds digit of d?
2
What is the hundreds digit of (-4)/(-6) + 5360/15?
3
Let y(r) = 4*r + 19*r**3 - 2*r**2 + 98*r**3 - 3*r. Let f be y(1). Let m = -68 + f. What is the tens digit of m?
4
What is the units digit of (-1 + 2)*((11 - 10) + 3287)?
8
Let o(a) = 0*a**2 - 3*a**2 + 2 + a**2 - a**3 - a. Suppose 2*r = -7*p + 4*p - 6, 5*r = -2*p - 4. What is the units digit of o(p)?
4
Let v = 94 + -90. Suppose 3*t + l - 715 = -4*l, -2*t - v*l = -474. What is the units digit of t?
5
Suppose 6*h + v - 120 = 2*h, 0 = -3*h + 3*v + 105. Let a = 45 - h. Suppose 0 = -3*s + g + 82 + a, 2*s + 5*g = 81. What is the units digit of s?
3
Suppose 4*f = s + 139, 2*f - 3*s = 3*f - 51. Suppose 7*c - f = 3*c. What is the units digit of c?
9
Suppose 18 = -5*r - 2. Let c = 15 + r. What is the tens digit of c?
1
Let q(p) = -p**3 - 4*p**2 - 5. Let c be q(-5). Suppose c*v - 116 = 18*v. What is the units digit of v?
8
Let p = -3 - -6. Suppose -p*v = -445 - 68. Suppose 0 = 3*i + 5*b - v, -3*b - 228 = -i - 3*i. What is the units digit of i?
7
Let y = -5 - -10. Suppose -274 - 286 = -y*z. What is the tens digit of z/3 + (-18)/(-27)?
3
Suppose 0 = v - 5*m + 5, 0*m - m = 2*v - 1. Let o(g) = g**2 + 10 + 7 + 0 - 278*g + 15 + 279*g. What is the units digit of o(v)?
2
Let h(i) = -i**3 + 6*i + 2221. What is the tens digit of h(0)?
2
Suppose -4*y + 47 = v, 2*y + 7 = -5*v + 26. Let p(c) = 6*c + 36. What is the units digit of p(y)?
8
Suppose k = -5*r + 1722, 18*r - 3369 = -2*k + 23*r. What is the units digit of k?
7
Let u be 4/4 - (-320 - -1). What is the tens digit of (6/(-4))/((-24)/u)?
2
Let v(t) = t - 4. Let j be v(8). Suppose 0 = 7*y + j*y - 1364. What is the units digit of y?
4
Let o(j) be the third derivative of j**4/24 + 8*j**3/3 - j**2. Let z be o(-16). Suppose -u + 6*u - 165 = z. What is the tens digit of u?
3
Let y = 10 - 12. Let x = 40 + y. Let g = -20 + x. What is the tens digit of g?
1
Let q(c) = -c**2 + 2*c - 3. Suppose 1 + 1 = -m. Let w(g) = -4*g**2 + 7*g - 13. Let d(i) = m*w(i) + 9*q(i). What is the units digit of d(3)?
2
Let f(n) = -8*n - 147. What is the tens digit of f(-40)?
7
Let v be (1044/(-48))/((-3)/8). Let o(f) = f - 34. Let d be o(0). Let g = d + v. What is the units digit of g?
4
Suppose -1 - 13 = 2*p. Let y(t) = -t**2 - 8*t + 17. Let q be y(p). What is the units digit of q*(-2)/(8/(-12))?
2
What is the tens digit of ((-94704)/(-28))/3 + 12/(-28)?
2
Suppose 344*y - 10950 = 334*y. What is the thousands digit of y?
1
Let h be (-4)/6*(1 + -13). Let a be ((-942)/h)/(5/20). What is the tens digit of 2/(-5) - a/15?
3
Let x = -1432 - -2455. What is the units digit of x?
3
Suppose -2*u + 6*f - 3*f = -29, -11 = -u + 5*f. Suppose -4*m = -u, -3*m - 293 = -3*p - 35. What is the tens digit of p?
9
Let g(c) be the first derivative of c**3/3 + 7*c**2/2 - 6*c - 6. Let k be g(-6). Let i = k + 18. What is the units digit of i?
6
Suppose 3*n = 5*c - 51, 5*c + 4*n = 2*n + 66. What is the units digit of (-99 + -1)/(3*c/(-54))?
0
Let h(x) be the third derivative of 1/5*x**5 + 0*x - 1/3*x**4 + 0 - 1/120*x**6 + 3*x**2 + 3/2*x**3. What is the units digit of h(11)?
2
Let i(k) = 49*k + 9. Let l be i(2). Suppose -20 = 5*h, 4*h + 22 + 65 = -z. Let t = z + l. What is the tens digit of t?
3
Suppose 21*b + 8998 = 32*b. What is the hundreds digit of b?
8
Let v(l) = l**3 + l**2 - 2*l - 8. What is the units digit of v(3)?
2
Suppose 4*o - 3410 = -o. What is the tens digit of o?
8
Suppose 5*n = 10 - 0. Suppose -z - 2*m = 2*z - 13, 3*z - n*m = 5. Suppose 6*t - z*q - 92 = t, -4*q = 16. What is the tens digit of t?
1
Suppose -14*w + 6 = -11*w. Suppose k - 3*c - 31 = 0, 0 = 4*k - 7*c + w*c - 96. What is the units digit of k?
9
Let y be (-4)/(-30) - 6488/60. What is the units digit of y/15*(-15)/2?
4
Let p = 1913 + -869. What is the tens digit of p?
4
Suppose -1 = 4*d + 7. Let y be d/2*(6 - 8). Suppose y*t = 4*t - 30. What is the tens digit of t?
1
Let b(h) = 4*h - 2*h + 15*h. Suppose -4*i - 2 = -6. What is the tens digit of b(i)?
1
What is the hundreds digit of 0 + 635 - (-32)/(4 + 4)?
6
Suppose -8*y + 0*y = -3528. Suppose 1988 = 7*i - y. What is the units digit of i?
7
Suppose 19*x - 36352 = -5173. What is the units digit of x?
1
Let f = -47 - -74. Suppose 11*d - f*d + 1664 = 0. What is the units digit of d?
4
Suppose -26 = -5*j - 4*b, -22 = -5*j + 4*j - 5*b. Suppose -j*g = 4*g + 30. What is the units digit of ((-2)/(-5))/((-2)/g)?
1
Let v = -27 + 25. What is the units digit of ((v - 7) + (-1)/(-5))*-10?
8
Let f be 2/(1*(-6)/411). Let k = -89 - f. Let w = -32 + k. What is the units digit of w?
6
Let g be ((-2)/8)/(4/(-80)). Suppose g*l + 0*l - 20 = 0. Suppose 4*i = -l*j - 40 + 112, -2*i + j = -21. What is the tens digit of i?
1
Let i(m) = m**2 - 4*m - 6. Let c be i(5). Let t be (c + -2)/((-15)/10). Suppose -w = -t*d + 71, 30 - 2 = d + w. What is the tens digit of d?
3
Suppose 0*l - 15*l + 9420 = 0. What is the tens digit of l?
2
Suppose 2*k - 24 = -16. Suppose -511 = -3*l + k*h, 4 = 3*h - 2. What is the hundreds digit of l?
1
Let b be (1/1)/(1/8). Let g be (-4)/(b/(-198)) + -3. Suppose -24 = 3*s - g. What is the tens digit of s?
2
Let u = 735 + -434. Suppose 4*w + r - u = 0, 5*w - 608 = -4*r - 229. What is the tens digit of w?
7
Suppose -5*n = 235 + 65. Let b = n - -109. What is the units digit of b?
9
Suppose k = 350 + 459. What is the hundreds digit of k?
8
Let u be 60/(-8)*(-6)/9. Suppose -2*r = w - 59 - 47, 2*w + u*r = 213. What is the units digit of w?
4
Let w = 13 - 13. Suppose 8*v - 3*v + 25 = w. What is the units digit of (-16)/(-20)*v/(-2)?
2
Let s = -19 - -25. Let j(p) = 10*p + 12. Let q(r) = -3*r - 4. Let m(c) = 3*j(c) + 8*q(c). What is the units digit of m(s)?
0
Let o = 169 - 529. What is the tens digit of ((-4)/8)/(3/o)?
6
Suppose -5*o + 4*z + 578 = 0, -2*o + 3*o - 2*z - 118 = 0. Let y = 294 - o. Suppose 2*t - y + 70 = 0. What is the tens digit of t?
5
Let t(p) = 61*p**2 - 10*p - 103. What is the thousands digit of t(9)?
4
Suppose 197 = 3*a - 2*a + 4*p, 4*a - 755 = -5*p. Suppose 3*u = -2*u - a. Let o = 53 + u. What is the tens digit of o?
1
Let k(y) = 8*y**2 - 17*y - 98. W